l(-23) is divided by 13?
11
Calculate the remainder when 145 is divided by (1 - -5) + (58 - 5).
27
Let c be (-1 + 1)*1/2. Suppose c = -2*k + 31 - 3. Let p = -1251 + 1292. Calculate the remainder when p is divided by k.
13
Suppose 0 = -w + 2 + 1. Suppose 0 = -2*j + 6, -w*g + 2*j + 8 = -4. What is the remainder when 15 is divided by g?
3
Suppose 0 = -1671*g + 1658*g + 21606. Calculate the remainder when g is divided by 111.
108
Suppose -5*b - 109 = -19. Calculate the remainder when (161/(-21))/(3/b) is divided by 16.
14
Calculate the remainder when 2279 is divided by 8 - 4/(0 + (-5)/140).
119
Suppose -6*g + 48 = -24. Calculate the remainder when 6/4 + 246/g is divided by 8.
6
Suppose -3*u + 79 = 2*r, 5*u - 7*r - 121 = -5*r. What is the remainder when u is divided by 19?
6
Let t(s) = -s**3 + 7*s**2 - 2*s + 2. Let y = 16 - 26. Let w(q) = -2*q - 9. What is the remainder when t(5) is divided by w(y)?
9
Suppose 4*n = 20, -4*t - 29*n = -28*n - 549. Calculate the remainder when t is divided by 70.
66
Suppose -c = 4*o - 24, -14*c - 5*o = -9*c - 105. What is the remainder when c is divided by 8?
4
Let i(u) = -u**2 - 17*u + 587. Let p(c) = -4*c - 1. What is the remainder when i(-33) is divided by p(-4)?
14
Let u be 19 + -18 + 131*-1. Let t = u - -196. Calculate the remainder when t is divided by 34.
32
Let v = 1813 + -1722. Calculate the remainder when 283 is divided by v.
10
Suppose 5*g - 3*w - 9 = 0, 4*w = -g - 1 - 11. Suppose -q + 2*k = -8, g = 4*q + k - 16 - 43. What is the remainder when 25 is divided by q?
11
Let z = 137 + 133. What is the remainder when z is divided by 20?
10
Suppose 279*g - 88 = 275*g. Let h = -1439 + 3794. What is the remainder when (-4)/18 - h/(-27) is divided by g?
21
Let t be 2 + 2/2 + (-3 - -4). Calculate the remainder when t - (8/2 + -139) is divided by 28.
27
Let i = -1 + 1. Suppose i = 4*v - 2 - 2. Suppose 6*p - 12 - 6 = 0. What is the remainder when p is divided by v?
0
Let u(k) = -7*k + 10*k - k**2 + 9*k. Let z be u(7). Suppose -v - 4*r = -8, -4*v + 3*r + 35 = -z. What is the remainder when 61 is divided by v?
13
Let p be 24/9*(-3)/2. Suppose 0*g - 10 = -g. What is the remainder when 2 + 37 + p - -4 is divided by g?
9
Let r(n) = 21*n**2 - 21*n - 22. Calculate the remainder when 678 is divided by r(-1).
18
Let x be 23/4 - 2/(-8). Suppose -3*q + t + x = -q, -4*q = t - 6. Suppose 0 = 3*b - q*b - 3. What is the remainder when b is divided by 1?
0
Let x = 7 - -18. Calculate the remainder when x is divided by 14.
11
Calculate the remainder when 123/(-9)*(7 + (-1 - 9)) is divided by 24.
17
Let j(i) = 2*i**2 - 27*i - 31. Let z be j(15). What is the remainder when 4 is divided by (-18)/42 - (-34)/z?
0
Let g = -5 - -7. Calculate the remainder when (-17)/(-2) - 20/16*2 is divided by g.
0
Let v(l) = 4*l**2 + 16*l. Suppose -69*g + 25 = -74*g. What is the remainder when v(g) is divided by (-6)/(-15) + (-53)/(-5)?
9
Let q = 19 + -17. What is the remainder when 1/8*q*2788/17 is divided by 21?
20
Calculate the remainder when 135 + 3 + -10 - -4 is divided by 68.
64
Suppose -3*t = x - 179 - 15, 138 = 2*t + 5*x. What is the remainder when t is divided by 55?
9
Let m = 17 - 15. Suppose m*d + 3*w = 21, -5*d = -6*d + w + 8. Calculate the remainder when 15 is divided by d.
6
Suppose 4*r = -3*p + 204, 4*r = -p + 8*r + 68. Let z = 72 - p. Suppose 2*k - 45 = -3*k. Calculate the remainder when k is divided by z.
1
Suppose -50*k = -17078 - 3522. Calculate the remainder when k is divided by 25.
12
Calculate the remainder when 3/(2 + 130/(-68)) is divided by (208 - 209)*(-7 - (0 - 0)).
6
Suppose -j - 3*j = -244. Suppose 0*n - 4*n = -4*p, p - 4*n - 9 = 0. What is the remainder when j is divided by p*(-28)/24*6?
19
Calculate the remainder when 95 is divided by (-2 - (-185)/4) + 150/(-120).
9
Let q(h) = h**3 - 13*h**2 + 10*h + 40. Calculate the remainder when 350 is divided by q(12).
14
Let f(g) = 2*g**2 + 3*g. Let k be f(-2). What is the remainder when 25*(-36)/(-30)*1/2 is divided by (-2)/k + 9 - -1?
6
What is the remainder when (-2902)/(-14) - (-50)/(-175) is divided by 30?
27
Let f = -47 + 41. Calculate the remainder when (-103 - -25)/(f/4) is divided by 11.
8
Let d(w) be the third derivative of 0 + 1/8*w**4 + 0*w - 13/6*w**3 + 11*w**2. Calculate the remainder when d(15) is divided by 11.
10
Let k = -43 - -99. Suppose -328 = -2*n - 0*q + q, 4*n = -q + 656. Calculate the remainder when n is divided by k.
52
What is the remainder when (0 + (-51)/(-9))/((-24)/(-2088)) is divided by 33?
31
Let f = -132 + 79. Let o = -42 - f. What is the remainder when 2/(-6) - (-94)/3 is divided by o?
9
Calculate the remainder when (-4)/(-2)*(-609)/(-6) is divided by 19.
13
Suppose -4*m = -i - 2*m + 368, -348 = -i - 3*m. Let t = -247 + i. Calculate the remainder when t is divided by 29.
26
Let k(w) = 5487*w - 5500*w - 1 + 3. What is the remainder when 37 is divided by k(-2)?
9
Suppose -7*g - 10 = -2*o - 3*g, 0 = 5*o - g - 70. What is the remainder when (-116)/(-2) - 0/1 is divided by o?
13
Suppose -v = h - 62, 5*v - 5*h - 43 = 247. Calculate the remainder when v is divided by 11.
5
Suppose -4*l - 22 = -5*z, -3*z + 3*l = -4*z - 7. Let f(h) = -1 + 1 - 16*h - h**2 + 4 + 14*h. Calculate the remainder when z is divided by f(-3).
0
Let c(z) = 2*z**2 - 6*z. Let u be c(4). Suppose 2*w = u - 34. Let q(y) = y**3 + 12*y**2 - 13*y + 5. What is the remainder when q(w) is divided by 2?
1
Suppose -2*q = 10, 76 = -5*u + 5*q + 311. What is the remainder when 544 is divided by u?
40
What is the remainder when (6/5)/(0 - 18/(-1740)) is divided by 43?
30
What is the remainder when 20 is divided by (-715)/(-44) - 2/8?
4
Let t = 96 - 21. Suppose 4*v + t = 223. What is the remainder when v is divided by 8?
5
Suppose n + 4*v = 60, 4 = -v + 2*v. Let b = -109 - -112. Suppose 5*w + 132 = b*h, 0 = h + 4*w - 3*w - n. What is the remainder when h is divided by 15?
14
Suppose -3*j + f + 47 = 0, -5*j - 3*f = -10*j + 73. Calculate the remainder when 1648 is divided by j.
16
Let p(r) = -5*r**3 - 11*r**2 + 10*r + 8. Let c(x) = x**3 + x + 1. Let b(d) = -4*c(d) - p(d). What is the remainder when b(-12) is divided by 4?
0
Let q(n) = -n**3 + 17*n**2 + 20*n - 13. Suppose 0 = -6*c - 13 + 121. What is the remainder when q(c) is divided by 6?
5
Let x be -1 + -2 + 1440/18. Suppose -58 = -3*y + x. Let j = 6 + 18. Calculate the remainder when y is divided by j.
21
Suppose 0 = -7*r + 6*r - 2. What is the remainder when (-3 - -3 - 1)*(r + -8) is divided by 6?
4
Suppose -62*i + 69 = -59*i. Let h = -27 + 57. What is the remainder when i is divided by h/4*(-12)/(-15)?
5
Suppose -3 = j, m + 4*j - j = -7. Suppose m*s - 51 = s. Let h = 1039 - 1021. What is the remainder when s is divided by h?
15
Suppose 0 = -3*q + q + 18. Suppose 2*a + 3 = q. Suppose 5 = -7*h + 2*h + 2*s, -s + 10 = 5*h. Calculate the remainder when a is divided by h.
0
Let d(v) = -v - 5. Let s be d(-8). Calculate the remainder when 10/5*(-2)/4 - -33 is divided by (7/s)/((-8)/(-24)).
4
Let q be (-4 + 2)*58/(-4). Suppose 0 = 2*m - q + 5. Suppose -55*g - 30 = -3*l - 52*g, -5*l = 3*g - 26. What is the remainder when m is divided by l?
5
What is the remainder when 65 is divided by 145/(-15)*(-4 - -1)?
7
Suppose 5 = 4*i + 33. Let w(r) = -3*r - 15. Calculate the remainder when w(i) is divided by (-16)/2*1/(-2).
2
Let y = -500 - -517. Let s = -43 + 89. What is the remainder when s is divided by y?
12
Suppose -7*a = -6*a - 131. What is the remainder when a is divided by 38?
17
Let i(u) = 3*u + 58. What is the remainder when i(6) is divided by 21?
13
Let p be (-1 - 7)/(-3*(-3)/(-18)). Suppose -5*u = 4*h - p, 2*u - 4 = -h - 0*u. What is the remainder when 37 is divided by h?
1
Suppose 37 = -4*i + 5*o, -4*o + 11 = 4*i + 3. Let g be -840*(i - (-10)/4). Calculate the remainder when 139 is divided by g/6*(-2)/(-4).
34
Let m(r) = r**2 + 29*r + 79. What is the remainder when m(-27) is divided by (-16)/(-3) + (-2)/(-3)?
1
Calculate the remainder when 176 is divided by (9/(-12) + -2)*-20.
11
Let s = -147 - -165. What is the remainder when 84 is divided by s?
12
Let l = -135 - -195. Suppose 5*u - 2*c = 69, u - 5*c - l = -4*u. Calculate the remainder when 101 is divided by u.
11
Suppose -109*c + 16468 + 5986 = 0. What is the remainder when c is divided by 96?
14
Suppose 1